igit of p?
5
Let v = 11047 - 2055. What is the tens digit of v?
9
What is the thousands digit of ((-65)/(-4))/(12/1920)?
2
Suppose -h + 272*t + 26260 = 273*t, t + 26252 = h. What is the tens digit of h?
5
Let k be (2 - 3)/(4/(-20)). What is the hundreds digit of k + (-7 - 4) + 783?
7
Suppose -35*u = 117*u - 5013416. What is the ten thousands digit of u?
3
What is the ten thousands digit of -19 + (-464)/(-24) + (35192/3)/1?
1
Let j(f) = -61*f + 43. Let r be j(-12). Suppose -743 = -4*i + 1445. Let m = r - i. What is the units digit of m?
8
Let i be 2 - 1 - 1/(-1) - -692. Let k be (i + 2 - -2)/(3 - 1). Let p = k - 219. What is the tens digit of p?
3
Suppose -2133 = -6*m - 147. Let h = m - 255. What is the units digit of h?
6
Let v(q) = -96*q + 26. Let d be v(-14). Let u = d + -873. What is the units digit of u?
7
Suppose -2412 = -34*b + 25*b. Suppose -352 - b = -h. What is the tens digit of h?
2
Let c(t) = t**3 + 3*t**2 - 9*t + 4. Let o(g) = 21*g + 111. Let q be o(-5). What is the hundreds digit of c(q)?
2
Let q(l) = -23*l - 7. Let g be q(5). Let h(u) = -5*u + 686. Let c be h(84). Let n = c + g. What is the tens digit of n?
4
What is the ten thousands digit of ((-1527)/(-9))/(51/8721)?
2
Let k(t) = -569*t - 3547. What is the tens digit of k(-48)?
6
Let m(x) be the first derivative of 5*x**2/2 + 3*x + 34. Let o be m(1). Suppose 0 = -o*g + 138 + 318. What is the units digit of g?
7
Suppose -560 = -v - 4*v. Let h = 39 + v. What is the tens digit of h?
5
Suppose 122*a - 4416049 = 836066 + 5283317. What is the hundreds digit of a?
3
Let p(s) = 68*s**3 - 9*s**2 + 29*s + 56. What is the ten thousands digit of p(6)?
1
Let u(j) be the third derivative of j**4/3 - j**2. Suppose 5*s = 3*q + 25, 103*q + 15 = 3*s + 108*q. What is the units digit of u(s)?
0
Let y(c) = 11*c**3 - 16*c**2 + 25*c + 62. What is the thousands digit of y(7)?
3
Let i(b) = -55*b + 1807. What is the thousands digit of i(-78)?
6
Let b(m) = -4*m**3 + 146*m**2 - 62*m - 10. What is the tens digit of b(33)?
9
Let k(b) be the second derivative of b**4/4 + b**3/3 - 3*b**2/2 + 16*b. Let t be k(-2). Suppose t*g = 4*g + 22. What is the units digit of g?
2
Suppose 0*f + f = 63. Let a be 2*1/(-8) - f/4. What is the units digit of (a/(-2))/((-2)/(-13)) + 0?
2
Let g(d) = -6*d**3 - 7*d**2 - d - 71. Let j(m) = m**3 + m**2 - 1. Suppose 0 = -5*s + 7*s + 2. Let w(u) = s*g(u) - 5*j(u). What is the units digit of w(0)?
6
Let x be 3 + (1 - 4)/((-8)/32). Let k be (-4)/(-10) - 66/x. Let g(q) = 5*q**2 + 3*q - 12. What is the units digit of g(k)?
6
Let i = 54 + -10. Let p be 0 + (-1 + 2)*47. Suppose -p*f + 93 = -i*f. What is the units digit of f?
1
Suppose 4*d - r - 2306 = 0, -9*r - 1736 = -3*d - 5*r. Suppose 0 = 3*o - 93 + d. Let k = -84 - o. What is the units digit of k?
7
Let k = 56 - 53. Suppose k*c + 12 = 3*l + 75, c + 15 = -l. Let i = 158 + l. What is the units digit of i?
0
Suppose -13*u - 4 = -14*u. Let z be (0 - 0 - (-10 + 9))*u. Suppose -z*p - 286 = -2*i, 0 = 4*i - 4*p + 230 - 786. What is the tens digit of i?
3
Let g be ((-6)/(-18))/(1/21). Suppose 3*p = 89 + g. Suppose 5*z - p = 373. What is the units digit of z?
1
Suppose -10*s + 104461 + 87509 = 5*s. What is the units digit of s?
8
Suppose 0*o + 40 = 10*o. Suppose 4*f + b + 2*b = 1679, f + o*b - 423 = 0. Let i = f - 210. What is the hundreds digit of i?
2
Suppose 122521 = 25*f - 106399 - 66955. What is the hundreds digit of f?
8
Let n(m) = 2*m - 1. Let z be n(4). Suppose -38 = -22*w + 28. Suppose -z*a = -w*a - 204. What is the units digit of a?
1
Let s be (-6)/(24/20) - 556*-2. Suppose -33 = -5*y + s. What is the hundreds digit of y?
2
Suppose -5*z + 23*w + 71735 = 18*w, 3*z - 43017 = -3*w. What is the thousands digit of z?
4
Suppose 17*o - 42 = 19*o. Let s = o + 10. Let b(r) = -6*r + 28. What is the tens digit of b(s)?
9
Let m(q) = 8*q**3 - 26*q**2 + 6*q - 191. What is the ten thousands digit of m(13)?
1
What is the hundreds digit of 5/46*(-8)/(-10) - 11171655/(-759)?
7
Let p be (-1)/(-3) - (-1130)/(-15). What is the tens digit of (-10)/p + ((-29032)/(-60) - 2)?
8
Let i be -7 - ((-60)/14 + 44/154). Let w(n) = n**3 + 7*n**2 - 51*n - 163. What is the units digit of w(i)?
6
Let u(i) = -58 + 14*i + 67 + 133*i - 20*i. What is the hundreds digit of u(3)?
3
What is the ten thousands digit of 3061960/132 - 21 - (-4)/3?
2
Let u(q) = 8*q + 27. Let g(b) = 4*b - 26. Let p be g(9). What is the units digit of u(p)?
7
Let v = 84357 + -39127. What is the hundreds digit of v?
2
Let i(a) = 245*a**3 + 2*a**2 - 19*a + 13. What is the tens digit of i(3)?
8
Let g be (1 - 5)/((-11)/((-33)/(-4))). Let l be 0*((-18)/(-4) - 4). Suppose g*t - o - o - 206 = l, o = -4*t + 282. What is the tens digit of t?
7
Suppose 3*y = -51 + 12. Let g(b) be the third derivative of -5*b**4/12 - 29*b**3/6 + 5*b**2. What is the units digit of g(y)?
1
Let k(p) = 223*p**2 - 75*p + 298. What is the tens digit of k(17)?
7
Let l(d) = d**3 + 69*d**2 + 34*d - 148. What is the ten thousands digit of l(-55)?
4
Suppose -1021547 = -86*u + 3651435. What is the ten thousands digit of u?
5
Suppose 0 = -2*u + 2*m + 240, -3*u - 3*m + 290 = -64. Let y be (u/(-2))/(-1*(-3)/(-6)). What is the tens digit of y/(4/(-3 - -7))?
1
Let j(g) = 9468*g**2 - 42*g - 43. What is the ten thousands digit of j(-2)?
3
Suppose -7*r = -42 - 35. Let c(l) = 2*l**3 - 14*l**2 + 2*l - 15. What is the hundreds digit of c(r)?
9
Suppose -2*l - l - 30 = 3*q, -2*q + l - 11 = 0. Let f(w) be the first derivative of w**4/4 + 11*w**3/3 + 11*w**2/2 - 2*w + 888. What is the units digit of f(q)?
7
Let l = 1186 + -723. Let z = 520 - l. What is the tens digit of z?
5
Let x = 97 - 97. Let t(q) = 99*q - 3. Let u be t(5). Suppose x*n + 3*n = u. What is the tens digit of n?
6
Suppose -55*t + 3765226 = -2*t. What is the thousands digit of t?
1
Let s(v) = -4*v**2 - 9*v + 90. Let w be s(8). Let i = 74 - w. What is the tens digit of i?
1
What is the units digit of 2588960/360 + 5/(-9)?
1
Let u be (-2)/(-8) + (-1)/(-8)*14. Suppose -2*i = u*t - 5*i - 27, -5*i = -3*t + 38. What is the tens digit of (-27)/(-2)*280/t?
8
Let g(x) = -3*x**2 + 21*x + 27. Let l be g(14). Let r = l - -517. What is the tens digit of r?
5
Let j(y) = -57*y - 17. Let w be j(-7). Let q = -148 + w. What is the hundreds digit of q?
2
Let b = 8199 + -3396. What is the hundreds digit of b?
8
Suppose -5*b + 11074 = -4946. Suppose -b = -26*h + 17*h. What is the hundreds digit of h?
3
Suppose 286122 = 126*x - 1059180. What is the ten thousands digit of x?
1
Let j(b) = 5*b**2 + 2. Let x be j(-1). Let f = 0 + x. What is the units digit of 7/((35/30)/f)?
2
Let d(g) = -g**3 + 31*g**2 - 45*g + 148. What is the hundreds digit of d(16)?
2
Let b(u) = u**3 - u**2 + 3*u - 2. Let o be b(2). Suppose 10*i - 600 = o*i. Suppose 0*n + i = 5*n. What is the tens digit of n?
6
Let o(m) = 509*m - 2. Let k = -389 + 391. What is the units digit of o(k)?
6
Let r(i) be the third derivative of -i**5/20 + 103*i**4/24 - 5*i**3 + 4*i**2 + i. What is the hundreds digit of r(30)?
3
Suppose 1080*a - 1842624 = 1008*a. What is the units digit of a?
2
Let j(o) = 72*o + 3. Let d(u) = -69*u - 2. Let t(y) = 4*d(y) + 3*j(y). Suppose 6*s = 2*s - 4. What is the tens digit of t(s)?
6
Let i(m) = -26*m - 17. Let x be i(3). Let p = 12 - x. Suppose 9*q = 8*q + p. What is the hundreds digit of q?
1
Let r(q) = 9*q**2 + 11*q - 11. Let d be (-636)/(-53) - 5*1. What is the hundreds digit of r(d)?
5
Let r = 113 + -65. What is the tens digit of 19812/r - (-1)/4?
1
Suppose 5*w + 83 = 6*w. Let p(j) = -j**3 - 4*j**2 - 9*j - 7. Let r be p(-3). Suppose -3*s + w = r. What is the tens digit of s?
2
Let s = -2128 + 6023. Suppose 45*k - s = 40*k. What is the tens digit of k?
7
Suppose 3*g = -4*q + 1268, 5*g - 7*g - 1288 = -4*q. What is the hundreds digit of ((-72)/(-15))/(8/q)?
1
Suppose 2*w + w = 2*b + 1138, 4*b = 4*w - 1512. Let l = w + -189. What is the hundreds digit of l?
1
Let p = -75264 - -143207. What is the hundreds digit of p?
9
Let t(q) = -q**3 - 9*q**2 - 10*q - 2. Let z be t(-6). Let j be ((-2)/5 + 5/z)*4. What is the tens digit of j/(-9) - 38248/(-252)?
5
What is the hundreds digit of (-2)/24 - 23307880/(-480)?
5
Suppose 4 - 44 = -5*j. Let m be -3 - 4/j*2. What is the tens digit of -2*(m/(-1) + -12)?
1
Let u = -115 + 105. Let x(j) = -j**